f h.
2, 809
Suppose 0 = -5*s - 4*z + 2743, 0 = 4*s + 4*z - 0*z - 2196. Suppose -4*u + 9*u = -4*l + 1099, -2*l + s = 3*u. List the prime factors of l.
281
Suppose 4*m - 3*m - 9 = -3*a, -5*m + 21 = 3*a. Let x(q) = 3*q - 3. Let i be x(a). Suppose -i*g + 281 = 71. List the prime factors of g.
2, 5, 7
Suppose -3*k + 5*u = 3 - 13, -u = 2. Let d(c) = c**3 + 3*c**2 - c + 118. What are the prime factors of d(k)?
2, 59
Let n = -328 - -327. What are the prime factors of ((-6720)/16)/(n - 0)?
2, 3, 5, 7
Suppose 962084 + 1937912 = -28*k + 215*k. What are the prime factors of k?
2, 3877
Let r(m) be the third derivative of -m**4/24 - 13*m**3 - 11*m**2. Let d(t) = -t - 79. Let c(f) = 3*d(f) - 4*r(f). What are the prime factors of c(0)?
3, 5
Suppose -833 - 97 = -2*z. Let y be (z + (3 - -1))/1. Let j = -252 + y. What are the prime factors of j?
7, 31
Suppose -86 = 16*c - 18*c. Let t = c - 38. Suppose -k - t*g + 10 = -0*k, 0 = -4*k - 2*g + 94. List the prime factors of k.
5
Let m(o) = 149*o**2 - 21*o - 55. Let q be m(-3). Let u = q - -391. What are the prime factors of u?
2, 3, 5, 29
What are the prime factors of (-1703816)/(-96) + (-35)/420?
2, 3, 17, 29
Suppose -6*x + 3*x - 4*f = -7939, 3*x - 7940 = -5*f. Suppose 6*r - x = -329. What are the prime factors of r?
2, 193
Suppose 6 - 4 = -2*a, d = 4*a + 62. Suppose 58704 = d*w - 8866. What are the prime factors of w?
5, 233
What are the prime factors of (16 - (-3 + 1))/(7/((-132160)/(-12)))?
2, 3, 5, 59
List the prime factors of (-2 - -1) + -47 + 8879.
8831
Suppose r + 92 - 6493 = -c, -12844 = -2*r + 5*c. List the prime factors of r.
43, 149
Let f(v) = -302*v + 6460. What are the prime factors of f(-103)?
2, 3, 2087
Suppose -14*n - 8 = 6. Let w be (-10)/(-20)*(-37*2)/n. Suppose w = 3*m + 7. List the prime factors of m.
2, 5
Let w(b) = -23*b + 475. What are the prime factors of w(5)?
2, 3, 5
Let w(m) = -6379*m - 68. List the prime factors of w(-2).
2, 3, 5, 47
Suppose 3450886 = -49*o + 97*o + 41*o. List the prime factors of o.
2, 19387
Let s(k) = 12*k**2 - 19*k - 46. Suppose 36 = -20*r + 14*r. List the prime factors of s(r).
2, 5
Let g be (-244)/6*(4 + (16 - 5)). Let x = -543 - g. List the prime factors of x.
67
Let g = 10 - -14. Suppose 8*q + g = 5*q. Let c = q - -78. What are the prime factors of c?
2, 5, 7
Suppose 6*c - 5 + 47 = 0. List the prime factors of -3 - c/(14/468).
3, 7, 11
Suppose -3*q - q = -3*l - 7, 31 = -4*l + q. Let r = 129 - l. Let o = 295 - r. List the prime factors of o.
157
Suppose -97473 - 415641 = -21*v. What are the prime factors of v?
2, 19, 643
Suppose 5*s - 2*j = 93, -2*s = 3*s + j - 81. Suppose -3*v + s = 8. Suppose -v*z = -108 - 144. List the prime factors of z.
2, 3, 7
Let b be 1*6*1/(-6)*-20. Suppose 4*f + 2*d + 6 - b = 0, 3*d + 29 = 4*f. Suppose s = 4*s - f*u - 181, s - u = 61. What are the prime factors of s?
2, 31
Let q be -146*4/16*(-16 - 0). What are the prime factors of ((-2)/2)/((-2)/q)?
2, 73
Let d(m) = -213*m - 37. Let u be d(-20). Suppose -2*l + 2817 = -6*j + 7*j, 3*l - u = -4*j. List the prime factors of l.
1409
Suppose -5*o + 5*z + 89920 = 0, 5*o = z + 47485 + 42423. What are the prime factors of o?
17981
Let o be (-3 - 1) + 1*6. Suppose -o*y + 1297 - 451 = 0. List the prime factors of y.
3, 47
Let z = -21 - -21. Let x = z + 5. Let t(b) = 18*b - 12. What are the prime factors of t(x)?
2, 3, 13
Let l(g) = -5*g**3 + 8*g**2 - 52*g + 231. What are the prime factors of l(-13)?
2, 7, 11, 43
Let z = -62 + 30. Let y = 15 - z. Suppose 4*k + 84 = 4*m, -2*m + 0*m + y = 3*k. What are the prime factors of m?
2, 11
Suppose 15 = -f + 15. Suppose -6*a + 621 + 1899 = f. List the prime factors of a.
2, 3, 5, 7
Suppose 13 = h - 5*t, 0 = 5*h + t - 4*t + 1. Let v(z) = -2*z + 10. Let s be v(h). Suppose 11*n = s*n - 645. What are the prime factors of n?
5, 43
Let b be 219/2*((-84)/18 - -4). Let u = b + 78. Suppose 0*c = c - 4*r - 16, c - 61 = -u*r. List the prime factors of c.
2, 3
Suppose 0 = 52*v - 51*v - 4. What are the prime factors of 3784/55*10/v?
2, 43
Let k(a) = 8*a**2 - 6*a - 85. Let z be ((-3)/((-3)/(-4)))/((-2)/6). List the prime factors of k(z).
5, 199
Let x be 1 + 50/(-46) - 202/(-2323). Suppose 3*h + h + 852 = 3*l, l - 5*h - 284 = x. List the prime factors of l.
2, 71
Let w(k) = k**2 - 27*k - 6. Let y be w(13). List the prime factors of -10 - -9 - (0 - 0) - y.
11, 17
Suppose i + 2*j - 7570 = 0, 2*i - 39*j - 15141 = -44*j. List the prime factors of i.
2, 11, 43
Suppose 0 = 4*d - 15208 + 3736. What are the prime factors of d?
2, 3, 239
Let y = -143 - -141. List the prime factors of (1088/102)/(y/(-36)).
2, 3
Let l(c) be the third derivative of c**5/30 - 5*c**4/12 + 5*c**3/2 - 2*c**2. Let x be l(6). Let t = 74 - x. List the prime factors of t.
47
Let l = 4 - -149. Let o = 155 - l. List the prime factors of (o + 260)*(17 + -16).
2, 131
Suppose 3*h = -4*n + 2*h + 8, 0 = n + 4*h + 13. Let u be (n*2/(-2))/((-2)/8). Suppose l - 15 = 2*r - r, -3*r = -u. List the prime factors of l.
19
Let k(t) = -t - 14. Let o be k(-16). Suppose 690 = 4*n + o*f, 10*f - 875 = -5*n + 5*f. List the prime factors of n.
2, 5, 17
Suppose 12327 = 2*a + r, a + 3*r - 1039 - 5117 = 0. What are the prime factors of a?
3, 5, 137
Let c(g) = -g**2 - 4*g + 10. Let d be c(-5). Suppose d*p - 565 = 125. What are the prime factors of p - (3 + -1 + 2)?
2, 67
Suppose -v = -127 - 141. Let g = 690 - 240. Let j = g - v. List the prime factors of j.
2, 7, 13
Suppose 7*n + 154 = -28. List the prime factors of (225 - 2) + 26/n.
2, 3, 37
Let i be ((-759)/22)/((-2)/8). Suppose 0 = -i*l + 133*l + 1860. List the prime factors of l.
2, 3, 31
Let d(g) = 51*g**3 - 3*g**2 + 4*g - 2. Let x be d(2). Suppose 870 = 2*c - 2*o - x, -5*c + 3200 = -o. List the prime factors of c.
641
Let c(i) = -67*i. Let l(n) = 9*n**2 + n - 1. Let g be l(1). Suppose 3*q + 8 = 2*k, -2*k = -g*q + 8*q. List the prime factors of c(k).
2, 67
Let r = 30474 - 11431. List the prime factors of r.
137, 139
Let p = 4071 - -1536. List the prime factors of p.
3, 7, 89
Let h(j) = 56*j**3 + 6*j**2 - 63*j + 129. List the prime factors of h(6).
3, 4021
Let k be 1 + -123 + 12/3. Let w = 55 + k. Let j = 130 + w. List the prime factors of j.
67
Let q be (-42)/(-10) - (-28)/35. List the prime factors of 264/15*((4 - -1) + q).
2, 11
Suppose 68*p + 24 = 64*p. List the prime factors of -3 - (-307 - (p - (0 - 4))).
2, 151
Let i be (-7)/7 - 6 - -2. List the prime factors of (1462/i)/(20/(-50)).
17, 43
Let d be 206*(4 + -3) + -2. Suppose -o + 0*o - d = 0. What are the prime factors of o/(-30) + -4 - (-2)/10?
3
What are the prime factors of 4948 - 21 - (-8)/6*6?
3, 5, 7, 47
Let l be (-16)/(-48) + ((-32)/(-3) - 2). What are the prime factors of 4/(1 - 3) - (-232 - l)?
239
Let y(g) = -39*g. Let t be y(-2). Let q = t + -327. What are the prime factors of (q/(-9))/((-4)/(-12))?
83
List the prime factors of (-19 - 344)*(-3680)/48.
2, 5, 11, 23
Suppose -2*v - 16*y - 522 = -20*y, 4*v = -5*y - 1044. Let o = 78 - v. List the prime factors of o.
3, 113
Let x(u) = -22*u**3 - 5*u**2 + 24*u - 20. What are the prime factors of x(-5)?
5, 7, 71
Suppose 0 = -m - 0*m - 51. Let u = 50 + m. What are the prime factors of (-144)/40*(u + (-201)/9)?
2, 3, 7
Suppose 300058 - 60271 + 637893 = 92*f. List the prime factors of f.
2, 3, 5, 53
Let m = 4862 + 2765. What are the prime factors of m?
29, 263
Suppose -8*k = 3*k + 22. What are the prime factors of 555*k/(-1 + -1)?
3, 5, 37
Let j be (-46)/(-253)*(2 + 21 + -1). Suppose -4*y + 6226 = -2*b, j*y - 13*b + 14*b = 6241. What are the prime factors of y?
1559
Let j(q) = -6*q - 12. Let z(x) = 11*x + 27. Let m(t) = 5*j(t) + 3*z(t). Let u = -6 - -1. List the prime factors of m(u).
2, 3
Let g(a) = 5363*a - 3932. List the prime factors of g(7).
3, 17, 659
Let w(h) = 5*h**3 + 10*h**2 + 56*h + 62. Let y(f) = -4*f**3 - 11*f**2 - 56*f - 63. Let c(b) = 3*w(b) + 4*y(b). List the prime factors of c(-16).
2, 11, 61
Suppose -3*y - 15 - 105 = -2*o, -y + 112 = 2*o. Let t be o/(-38)*4/(-6)*3. Suppose -t*n + 18 = -363. What are the prime factors of n?
127
Suppose i - u = 695, 312 + 1085 = 2*i + 5*u. Suppose -i = -13*k + 344. List the prime factors of k.
2, 5
What are the prime factors of 1636 - 0/(-4) - (-40)/8?
3, 547
Let j(w) = w**2 + 18*w + 21. Let o be j(-9). Let s = o - -87. Supp